2141. Give z(-4).
23
Let o(u) = -u**3 + 49*u**2 - 20*u + 6618. Determine o(51).
396
Let r(a) = 35802*a + 859237. Give r(-24).
-11
Let b(o) = -175*o**2 + 1795*o - 450. What is b(10)?
0
Let k(b) = 4025*b**2 - 144904*b + 68. Give k(36).
-76
Let g(a) = 58*a + 8872. Calculate g(-153).
-2
Let i(g) = -329*g**2 - 525*g + 162. Determine i(-2).
-104
Let c(s) = s**3 + 49*s**2 + 231*s - 27. Determine c(-43).
1134
Let d(r) = -r**2 + 38*r + 35551. What is d(208)?
191
Let b(l) = 5755*l + 512194. Calculate b(-89).
-1
Let u(j) = 12*j**3 - 1260*j**2 - 16. What is u(105)?
-16
Let h(y) = -y**2 - 168*y + 1942. Calculate h(11).
-27
Let z(d) = 7383*d + 50278. Calculate z(-7).
-1403
Let k(h) = -68*h**2 - 431*h + 128. Determine k(-7).
-187
Let c(h) = 2*h**3 + 60*h**2 - 269*h + 110. What is c(-34)?
8
Let c(q) = -2*q**2 + 42*q - 124. Give c(19).
-48
Let j(m) = 9*m**2 + 504*m + 2980. Determine j(-6).
280
Let y(t) = -t**3 + 126*t**2 - 33*t - 27. What is y(0)?
-27
Let h(q) = 6*q**2 + 270*q + 2855. What is h(-11)?
611
Let g(i) = 5*i**3 + 42*i**2 - 268*i - 37. Calculate g(-14).
-1773
Let g(o) = -2*o**3 + 5*o**2 - 318*o + 2029. Give g(6).
-131
Let q(j) = -5*j**3 - 7*j**2 - 2247*j - 2245. Determine q(-1).
0
Let o(j) = 21*j**3 - 6*j**2 - 88*j - 242. Determine o(-3).
-599
Let r(n) = 35*n**3 + 2*n**2 - 79*n + 258. Give r(3).
984
Let p(c) = -3852*c**2 + 61640*c + 11. Calculate p(16).
139
Let i(h) = 3*h + 272. Give i(-24).
200
Let w(z) = -43011*z + 1290317. Give w(30).
-13
Let n(l) = -2*l**3 - 319*l**2 - 161*l + 1535. What is n(-159)?
1853
Let r(p) = -p**3 - 181*p**2 + 356*p - 1819. Calculate r(-183).
11
Let x(r) = r**2 + 12154*r + 182241. Determine x(-15).
156
Let i(n) = 7585*n - 128938. Give i(17).
7
Let s(q) = 19*q**2 - 7506*q + 529. What is s(395)?
134
Let g(a) = 8*a**2 + 140*a + 100. Give g(-17).
32
Let v(o) = 9*o**2 - 1574*o - 7894. Give v(180).
386
Let f(u) = 1877*u - 25999. What is f(14)?
279
Let t(i) = -4*i**3 - 339*i**2 + 86*i - 864. What is t(-85)?
-949
Let g(y) = y**3 + 289*y**2 - 618*y - 10457. Give g(-291).
19
Let z(r) = -535*r + 23321. What is z(43)?
316
Let x(b) = -47166*b + 283014. Give x(6).
18
Let o(q) = 2709*q - 2616. Calculate o(2).
2802
Let x(m) = -13*m**2 - 5542*m + 43271. Determine x(-434).
-129
Let k(w) = 37515*w - 7765623. Give k(207).
-18
Let w(v) = -v**3 - 19*v**2 + 7*v + 719. Give w(-17).
22
Let y(v) = 5873*v + 510895. Calculate y(-87).
-56
Let r(c) = -c**3 - 23*c**2 - 57*c + 201. Give r(-21).
516
Let q(d) = 2*d**2 + 488*d + 18751. Calculate q(-196).
-65
Let y(w) = -8319*w - 66539. Determine y(-8).
13
Let o(l) = -l**3 - 36*l**2 - 153*l + 161. What is o(-6)?
-1
Let q(i) = 302*i**2 + 552*i + 8. Calculate q(-2).
112
Let r(k) = -9171*k + 18333. Calculate r(2).
-9
Let l(z) = z**2 - 636*z + 97854. Determine l(375).
-21
Let y(g) = 22953*g + 5. Calculate y(0).
5
Let c(k) = -900*k + 963. Calculate c(1).
63
Let o(i) = -2*i**3 + 99*i**2 + 1371*i - 167. Give o(-12).
1093
Let y(o) = o + 319. Calculate y(53).
372
Let g(j) = -101762*j + 814106. Give g(8).
10
Let q(v) = 2*v**3 + 3*v**2 + 555*v + 2298. Determine q(-4).
-2
Let a(x) = x**2 + 2829*x + 78431. Determine a(-28).
3
Let m(s) = -64893*s + 64949. What is m(1)?
56
Let z(t) = 2*t**2 + 290*t + 4336. Give z(-17).
-16
Let o(m) = -3050*m + 42701. Determine o(14).
1
Let j(x) = -377*x + 29772. Calculate j(93).
-5289
Let s(k) = k**2 + 4154*k - 75145. What is s(18)?
-49
Let r(s) = 5226*s - 5213. Give r(1).
13
Let h(q) = q**3 - 387*q**2 + 48*q - 18578. Give h(387).
-2
Let z(k) = 31895*k + 733580. What is z(-23)?
-5
Let f(s) = -s**3 + 555*s**2 - 3309*s + 96. Determine f(6).
6
Let u(r) = -r**3 + 161*r**2 + 912*r + 44407. Give u(168).
55
Let f(c) = -2*c**2 - 13539*c - 524939. Calculate f(-39).
40
Let b(d) = 818*d - 76889. Calculate b(94).
3
Let s(z) = -60*z**2 + 2*z - 21. Give s(0).
-21
Let r(u) = 2*u**3 + 98*u**2 - 202*u - 21. Calculate r(-51).
-123
Let q(m) = m**2 - 188*m - 19801. What is q(-75)?
-76
Let j(y) = -3676*y + 14890. Calculate j(4).
186
Let f(s) = 1084*s - 200554. What is f(185)?
-14
Let s(u) = u**3 + 86*u**2 - 12049*u + 4212. Determine s(-161).
26
Let k(h) = -8466*h - 126121. Determine k(-15).
869
Let m(w) = -w**3 - 304*w**2 + 14122*w + 21. What is m(41)?
-922
Let a(o) = -19779*o - 137909. Give a(-7).
544
Let f(d) = 5036*d - 65335. Calculate f(13).
133
Let x(p) = -399*p + 51312. What is x(128)?
240
Let p(j) = 370*j + 83549. Give p(-221).
1779
Let l(w) = -w**3 - 132*w**2 - 633*w + 15451. What is l(-126)?
-47
Let i(g) = 28447*g - 568778. Calculate i(20).
162
Let b(g) = g**2 + 12354*g - 37054. Give b(3).
17
Let d(n) = -381*n + 6680. Calculate d(16).
584
Let q(i) = i**3 + 64*i**2 + 232*i - 476. What is q(-60)?
4
Let p(t) = -3*t**3 - 101*t**2 + 235*t - 589. Calculate p(-36).
23
Let k(m) = m**3 - 113*m**2 - 716*m + 73. What is k(119)?
-165
Let c(f) = 17223*f - 206722. Give c(12).
-46
Let n(d) = 10*d**2 + 305*d + 235. What is n(-30)?
85
Let w(a) = -2*a**3 + 20*a**2 + 11799*a - 23669. Determine w(2).
-7
Let d(u) = 376*u - 6789. Give d(8).
-3781
Let r(q) = -91*q**2 - 871*q - 11. Calculate r(-10).
-401
Let w(o) = 3*o**3 + 71*o**2 + 320*o - 326. Give w(-10).
574
Let s(d) = 729*d**3 + 5*d**2 + 12*d + 8. Determine s(-1).
-728
Let c(a) = -1432*a - 12876. Calculate c(-9).
12
Let k(t) = -2*t**3 - 9*t**2 + 568*t + 16. What is k(14)?
716
Let a(r) = -312*r**2 - 10627*r - 220. What is a(-34)?
426
Let a(s) = 252*s + 3504. Give a(-17).
-780
Let p(c) = c**3 - 31*c**2 - 7*c + 1207. What is p(24)?
-2993
Let r(o) = 852*o**2 - 5036*o + 19. Determine r(6).
475
Let k(l) = -4509*l + 4503. What is k(1)?
-6
Let m(x) = 24*x**2 - 582*x - 486. What is m(25)?
-36
Let v(u) = -48181*u - 1638144. What is v(-34)?
10
Let v(n) = -n**3 - 479*n**2 + 3358*n + 80. Give v(7).
-228
Let b(m) = -6098*m - 18245. Determine b(-3).
49
Let z(o) = o**2 - 1332*o - 24332. Determine z(-18).
-32
Let m(b) = 2*b**3 - 430*b**2 - 70700*b - 7400. Give m(-109).
12
Let z(d) = 2*d**2 - 10979*d + 76789. Give z(7).
34
Let x(c) = -15*c**2 - 4927*c + 7595. Determine x(-330).
5
Let i(a) = a**3 - 4*a**2 - 345*a - 134. Give i(-16).
266
Let r(g) = -1470*g - 326120. Give r(-222).
220
Let z(x) = -431*x**2 + 4301*x + 5. Give z(10).
-85
Let x(d) = -148*d - 5476. Give x(-34).
-444
Let s(i) = -31298*i - 500273. Calculate s(-16).
495
Let d(b) = 719*b - 43712. What is d(60)?
-572
Let l(p) = -76*p**2 - 379*p + 7859. Give l(-13).
-58
Let b(l) = -845*l**3 + l**2 + 111*l + 111. What is b(-1)?
846
Let r(a) = 217*a + 19522. What is r(-88)?
426
Let g(a) = -88294*a - 176583. Calculate g(-2).
5
Let x(g) = -g**3 + 31*g**2 + 25*g + 275. Give x(32).
51
Let w(f) = f**3 + 50*f**2 + 93*f + 167. Determine w(-49).
-1989
Let t(n) = -n**3 + 157*n**2 - 5185*n + 874974. What is t(159)?
-3
Let p(r) = r**3 + 5*r**2 + 46*r + 110. Calculate p(-5).
-120
Let b(d) = 2*d**3 - 16*d**2 - 139*d + 967. What is b(10)?
-23
Let h(z) = 43*z**3 + 5*z**2 - 68*z - 140. Determine h(-2).
-328
Let w(c) = -c**3 - 344*c**2 + 22398*c - 774. Give w(-400).
26
Let y(x) = -3200*x + 281648. Determine y(88).
48
Let m(k) = 452*k**2 - 1826*k. Determine m(4).
-72
Let v(t) = 564*t**2 - 3047*t + 1144. Determine v(5).
9
Let v(n) = -2058756*n - 12352529. Give v(-6).
7
Let r(g) = -g**2 - 19650*g + 196593. Give r(10).
-7
Let y(j) = -3*j**3 - 47*j**2 - 142*j - 118. Determine y(-12).
2
Let l(i) = i**2 + 168827*i - 12160696. What is l(72)?
32
Let z(y) = 3*y**3 + 100*y**2 - 7914*y - 266747. Determine z(-34).
17
Let o(i) = 424*i - 78759. Determine o(186).
105
Let w(n) = -8*n**3 - 2247*n**2 + 4825*n + 3929. What is w(-283)?
-33
Let d(y) = y**3 + y**2 - 64*y - 30. Calculate d(9).
204
Let z(k) = 95833*k - 2299986. What is z(24)?
6
Let w(q) = 109*q**2 + 4209*q - 25844. What is w(-44)?
-16
Let l(m) = 2*m**3 + 124*m**2 + 1084*m + 2253. Determine l(-52).
-35
Let x(k) = -2*k**3 - 54*k**2 + 322*k - 32. Calculate x(5).
-22
Let i(y) = -39*y**2 - 116*y - 107. Give i(-1).
-30
Let p(v) = -1105*v**2 - 21003*v - 3. Determine p(-19).
149
Let k(n) = -n**3 - 100*n**2 + 763*n + 1690. Determine k(-107).
192
Let g(n) = 3*n**3 - 73*n**2 - 74*n + 178. Give g(25).
-422
Let a(x) = 34317*x + 274537. Give a(-8).
1
Let a(y) = -958*y + 6634. Determine a(7).
-72
Let o(z) = -2776*z + 11328. Determine o(4).
224
Let z(o) = -11*o**3 - 157*o**2 - 298*o + 51. Give z(-12).
27
Let n(v) = -4*v*